{"id":666,"date":"2022-11-29T11:59:18","date_gmt":"2022-11-29T10:59:18","guid":{"rendered":"https:\/\/10.253.201.90\/jpg-concept\/?post_type=produits&#038;p=666"},"modified":"2024-12-13T10:57:31","modified_gmt":"2024-12-13T09:57:31","slug":"arco-2","status":"publish","type":"produits","link":"https:\/\/www.jpg.fr\/jpg-concept\/produits\/tables-basses\/arco-2","title":{"rendered":"Arco"},"template":"","certificates":[75,81,76],"colors":[20,71,225,80,226,78],"denominations":[83,84],"class_list":["post-666","produits","type-produits","status-publish","hentry","univers-tables-basses","certificates-garantie-3-ans","certificates-fsc","certificates-fabrique-en-europe","colors-blanc","colors-alu","colors-gris-ombre","colors-orme","colors-noyer","colors-ebene","denominations-decors-de-plateau","denominations-finitions-de-pietement"],"yoast_head":"<!-- This site is optimized with the Yoast SEO plugin v25.5 - https:\/\/yoast.com\/wordpress\/plugins\/seo\/ -->\n<title>Arco | JPG Concept<\/title>\n<meta name=\"description\" content=\"Avec sa base pyramidale et plateau en m\u00e9lamin\u00e9\u00a0con\u00e7us pour les espaces essentiels de style minimaliste, la simplicit\u00e9 de la table ARCO peut meubler n\u2019importe quel espace avec d\u00e9cision et discr\u00e9tion. La base en m\u00e9tal peint et le plateau en m\u00e9lamin\u00e9 interagissent en harmonie ou par contraste, cr\u00e9ant des combinaisons pos\u00e9es ou dynamiques,\u00a0adapt\u00e9es aux contextes modernes. Avec son design sobre, la table basse Arco s&#039;associera parfaitement avec la gamme de fauteuils et canap\u00e9s Arco.\" \/>\n<meta name=\"robots\" content=\"index, follow, max-snippet:-1, max-image-preview:large, max-video-preview:-1\" \/>\n<meta property=\"og:locale\" content=\"fr_FR\" \/>\n<meta property=\"og:type\" content=\"article\" \/>\n<meta property=\"og:title\" content=\"Arco | JPG Concept\" \/>\n<meta property=\"og:description\" content=\"Avec sa base pyramidale et plateau en m\u00e9lamin\u00e9\u00a0con\u00e7us pour les espaces essentiels de style minimaliste, la simplicit\u00e9 de la table ARCO peut meubler n\u2019importe quel espace avec d\u00e9cision et discr\u00e9tion. La base en m\u00e9tal peint et le plateau en m\u00e9lamin\u00e9 interagissent en harmonie ou par contraste, cr\u00e9ant des combinaisons pos\u00e9es ou dynamiques,\u00a0adapt\u00e9es aux contextes modernes. Avec son design sobre, la table basse Arco s&#039;associera parfaitement avec la gamme de fauteuils et canap\u00e9s Arco.\" \/>\n<meta property=\"og:url\" content=\"https:\/\/www.jpg.fr\/jpg-concept\/produits\/tables-basses\/arco-2\/\" \/>\n<meta property=\"og:site_name\" content=\"JPG Concept\" \/>\n<meta property=\"article:publisher\" content=\"https:\/\/www.facebook.com\/JPG.Fournitures.Bureau\" \/>\n<meta property=\"article:modified_time\" content=\"2024-12-13T09:57:31+00:00\" \/>\n<meta name=\"twitter:card\" content=\"summary_large_image\" \/>\n<script type=\"application\/ld+json\" class=\"yoast-schema-graph\">{\"@context\":\"https:\/\/schema.org\",\"@graph\":[{\"@type\":\"WebPage\",\"@id\":\"https:\/\/www.jpg.fr\/jpg-concept\/produits\/tables-basses\/arco-2\/\",\"url\":\"https:\/\/www.jpg.fr\/jpg-concept\/produits\/tables-basses\/arco-2\/\",\"name\":\"Arco | JPG Concept\",\"isPartOf\":{\"@id\":\"https:\/\/www.jpg.fr\/jpg-concept\/#website\"},\"datePublished\":\"2022-11-29T10:59:18+00:00\",\"dateModified\":\"2024-12-13T09:57:31+00:00\",\"description\":\"Avec sa base pyramidale et plateau en m\u00e9lamin\u00e9\u00a0con\u00e7us pour les espaces essentiels de style minimaliste, la simplicit\u00e9 de la table ARCO peut meubler n\u2019importe quel espace avec d\u00e9cision et discr\u00e9tion. La base en m\u00e9tal peint et le plateau en m\u00e9lamin\u00e9 interagissent en harmonie ou par contraste, cr\u00e9ant des combinaisons pos\u00e9es ou dynamiques,\u00a0adapt\u00e9es aux contextes modernes. Avec son design sobre, la table basse Arco s'associera parfaitement avec la gamme de fauteuils et canap\u00e9s Arco.\",\"breadcrumb\":{\"@id\":\"https:\/\/www.jpg.fr\/jpg-concept\/produits\/tables-basses\/arco-2\/#breadcrumb\"},\"inLanguage\":\"fr-FR\",\"potentialAction\":[{\"@type\":\"ReadAction\",\"target\":[\"https:\/\/www.jpg.fr\/jpg-concept\/produits\/tables-basses\/arco-2\/\"]}]},{\"@type\":\"BreadcrumbList\",\"@id\":\"https:\/\/www.jpg.fr\/jpg-concept\/produits\/tables-basses\/arco-2\/#breadcrumb\",\"itemListElement\":[{\"@type\":\"ListItem\",\"position\":1,\"name\":\"Accueil\",\"item\":\"https:\/\/www.jpg.fr\/jpg-concept\/\"},{\"@type\":\"ListItem\",\"position\":2,\"name\":\"Arco\"}]},{\"@type\":\"WebSite\",\"@id\":\"https:\/\/www.jpg.fr\/jpg-concept\/#website\",\"url\":\"https:\/\/www.jpg.fr\/jpg-concept\/\",\"name\":\"JPG Concept\",\"description\":\"L\u2019expertise, le service, le choix et des solutions personnalis\u00e9es pour l\u2019am\u00e9nagement de tous vos espaces de travail.\",\"publisher\":{\"@id\":\"https:\/\/www.jpg.fr\/jpg-concept\/#organization\"},\"potentialAction\":[{\"@type\":\"SearchAction\",\"target\":{\"@type\":\"EntryPoint\",\"urlTemplate\":\"https:\/\/www.jpg.fr\/jpg-concept\/?s={search_term_string}\"},\"query-input\":{\"@type\":\"PropertyValueSpecification\",\"valueRequired\":true,\"valueName\":\"search_term_string\"}}],\"inLanguage\":\"fr-FR\"},{\"@type\":\"Organization\",\"@id\":\"https:\/\/www.jpg.fr\/jpg-concept\/#organization\",\"name\":\"JPG Concept\",\"url\":\"https:\/\/www.jpg.fr\/jpg-concept\/\",\"logo\":{\"@type\":\"ImageObject\",\"inLanguage\":\"fr-FR\",\"@id\":\"https:\/\/www.jpg.fr\/jpg-concept\/#\/schema\/logo\/image\/\",\"url\":\"https:\/\/www.jpg.fr\/jpg-concept\/wp-content\/uploads\/2024\/04\/favicon192.png\",\"contentUrl\":\"https:\/\/www.jpg.fr\/jpg-concept\/wp-content\/uploads\/2024\/04\/favicon192.png\",\"width\":192,\"height\":192,\"caption\":\"JPG Concept\"},\"image\":{\"@id\":\"https:\/\/www.jpg.fr\/jpg-concept\/#\/schema\/logo\/image\/\"},\"sameAs\":[\"https:\/\/www.facebook.com\/JPG.Fournitures.Bureau\"]}]}<\/script>\n<!-- \/ Yoast SEO plugin. -->","yoast_head_json":{"title":"Arco | JPG Concept","description":"Avec sa base pyramidale et plateau en m\u00e9lamin\u00e9\u00a0con\u00e7us pour les espaces essentiels de style minimaliste, la simplicit\u00e9 de la table ARCO peut meubler n\u2019importe quel espace avec d\u00e9cision et discr\u00e9tion. La base en m\u00e9tal peint et le plateau en m\u00e9lamin\u00e9 interagissent en harmonie ou par contraste, cr\u00e9ant des combinaisons pos\u00e9es ou dynamiques,\u00a0adapt\u00e9es aux contextes modernes. Avec son design sobre, la table basse Arco s'associera parfaitement avec la gamme de fauteuils et canap\u00e9s Arco.","robots":{"index":"index","follow":"follow","max-snippet":"max-snippet:-1","max-image-preview":"max-image-preview:large","max-video-preview":"max-video-preview:-1"},"og_locale":"fr_FR","og_type":"article","og_title":"Arco | JPG Concept","og_description":"Avec sa base pyramidale et plateau en m\u00e9lamin\u00e9\u00a0con\u00e7us pour les espaces essentiels de style minimaliste, la simplicit\u00e9 de la table ARCO peut meubler n\u2019importe quel espace avec d\u00e9cision et discr\u00e9tion. La base en m\u00e9tal peint et le plateau en m\u00e9lamin\u00e9 interagissent en harmonie ou par contraste, cr\u00e9ant des combinaisons pos\u00e9es ou dynamiques,\u00a0adapt\u00e9es aux contextes modernes. Avec son design sobre, la table basse Arco s'associera parfaitement avec la gamme de fauteuils et canap\u00e9s Arco.","og_url":"https:\/\/www.jpg.fr\/jpg-concept\/produits\/tables-basses\/arco-2\/","og_site_name":"JPG Concept","article_publisher":"https:\/\/www.facebook.com\/JPG.Fournitures.Bureau","article_modified_time":"2024-12-13T09:57:31+00:00","twitter_card":"summary_large_image","schema":{"@context":"https:\/\/schema.org","@graph":[{"@type":"WebPage","@id":"https:\/\/www.jpg.fr\/jpg-concept\/produits\/tables-basses\/arco-2\/","url":"https:\/\/www.jpg.fr\/jpg-concept\/produits\/tables-basses\/arco-2\/","name":"Arco | JPG Concept","isPartOf":{"@id":"https:\/\/www.jpg.fr\/jpg-concept\/#website"},"datePublished":"2022-11-29T10:59:18+00:00","dateModified":"2024-12-13T09:57:31+00:00","description":"Avec sa base pyramidale et plateau en m\u00e9lamin\u00e9\u00a0con\u00e7us pour les espaces essentiels de style minimaliste, la simplicit\u00e9 de la table ARCO peut meubler n\u2019importe quel espace avec d\u00e9cision et discr\u00e9tion. La base en m\u00e9tal peint et le plateau en m\u00e9lamin\u00e9 interagissent en harmonie ou par contraste, cr\u00e9ant des combinaisons pos\u00e9es ou dynamiques,\u00a0adapt\u00e9es aux contextes modernes. Avec son design sobre, la table basse Arco s'associera parfaitement avec la gamme de fauteuils et canap\u00e9s Arco.","breadcrumb":{"@id":"https:\/\/www.jpg.fr\/jpg-concept\/produits\/tables-basses\/arco-2\/#breadcrumb"},"inLanguage":"fr-FR","potentialAction":[{"@type":"ReadAction","target":["https:\/\/www.jpg.fr\/jpg-concept\/produits\/tables-basses\/arco-2\/"]}]},{"@type":"BreadcrumbList","@id":"https:\/\/www.jpg.fr\/jpg-concept\/produits\/tables-basses\/arco-2\/#breadcrumb","itemListElement":[{"@type":"ListItem","position":1,"name":"Accueil","item":"https:\/\/www.jpg.fr\/jpg-concept\/"},{"@type":"ListItem","position":2,"name":"Arco"}]},{"@type":"WebSite","@id":"https:\/\/www.jpg.fr\/jpg-concept\/#website","url":"https:\/\/www.jpg.fr\/jpg-concept\/","name":"JPG Concept","description":"L\u2019expertise, le service, le choix et des solutions personnalis\u00e9es pour l\u2019am\u00e9nagement de tous vos espaces de travail.","publisher":{"@id":"https:\/\/www.jpg.fr\/jpg-concept\/#organization"},"potentialAction":[{"@type":"SearchAction","target":{"@type":"EntryPoint","urlTemplate":"https:\/\/www.jpg.fr\/jpg-concept\/?s={search_term_string}"},"query-input":{"@type":"PropertyValueSpecification","valueRequired":true,"valueName":"search_term_string"}}],"inLanguage":"fr-FR"},{"@type":"Organization","@id":"https:\/\/www.jpg.fr\/jpg-concept\/#organization","name":"JPG Concept","url":"https:\/\/www.jpg.fr\/jpg-concept\/","logo":{"@type":"ImageObject","inLanguage":"fr-FR","@id":"https:\/\/www.jpg.fr\/jpg-concept\/#\/schema\/logo\/image\/","url":"https:\/\/www.jpg.fr\/jpg-concept\/wp-content\/uploads\/2024\/04\/favicon192.png","contentUrl":"https:\/\/www.jpg.fr\/jpg-concept\/wp-content\/uploads\/2024\/04\/favicon192.png","width":192,"height":192,"caption":"JPG Concept"},"image":{"@id":"https:\/\/www.jpg.fr\/jpg-concept\/#\/schema\/logo\/image\/"},"sameAs":["https:\/\/www.facebook.com\/JPG.Fournitures.Bureau"]}]}},"_links":{"self":[{"href":"https:\/\/www.jpg.fr\/jpg-concept\/wp-json\/wp\/v2\/produits\/666","targetHints":{"allow":["GET"]}}],"collection":[{"href":"https:\/\/www.jpg.fr\/jpg-concept\/wp-json\/wp\/v2\/produits"}],"about":[{"href":"https:\/\/www.jpg.fr\/jpg-concept\/wp-json\/wp\/v2\/types\/produits"}],"wp:attachment":[{"href":"https:\/\/www.jpg.fr\/jpg-concept\/wp-json\/wp\/v2\/media?parent=666"}],"wp:term":[{"taxonomy":"certificates","embeddable":true,"href":"https:\/\/www.jpg.fr\/jpg-concept\/wp-json\/wp\/v2\/certificates?post=666"},{"taxonomy":"colors","embeddable":true,"href":"https:\/\/www.jpg.fr\/jpg-concept\/wp-json\/wp\/v2\/colors?post=666"},{"taxonomy":"denominations","embeddable":true,"href":"https:\/\/www.jpg.fr\/jpg-concept\/wp-json\/wp\/v2\/denominations?post=666"}],"curies":[{"name":"wp","href":"https:\/\/api.w.org\/{rel}","templated":true}]}}

<!-- This site is optimized with the Yoast SEO plugin v25.5 - https://yoast.com/wordpress/plugins/seo/ -->
<title>Arco | JPG Concept</title>
<meta name="description" content="Avec sa base pyramidale et plateau en mélaminé conçus pour les espaces essentiels de style minimaliste, la simplicité de la table ARCO peut meubler n’importe quel espace avec décision et discrétion. La base en métal peint et le plateau en mélaminé interagissent en harmonie ou par contraste, créant des combinaisons posées ou dynamiques, adaptées aux contextes modernes. Avec son design sobre, la table basse Arco s&#039;associera parfaitement avec la gamme de fauteuils et canapés Arco." />
<meta name="robots" content="index, follow, max-snippet:-1, max-image-preview:large, max-video-preview:-1" />
<meta property="og:locale" content="fr_FR" />
<meta property="og:type" content="article" />
<meta property="og:title" content="Arco | JPG Concept" />
<meta property="og:description" content="Avec sa base pyramidale et plateau en mélaminé conçus pour les espaces essentiels de style minimaliste, la simplicité de la table ARCO peut meubler n’importe quel espace avec décision et discrétion. La base en métal peint et le plateau en mélaminé interagissent en harmonie ou par contraste, créant des combinaisons posées ou dynamiques, adaptées aux contextes modernes. Avec son design sobre, la table basse Arco s&#039;associera parfaitement avec la gamme de fauteuils et canapés Arco." />
<meta property="og:url" content="https://www.jpg.fr/jpg-concept/produits/tables-basses/arco-2/" />
<meta property="og:site_name" content="JPG Concept" />
<meta property="article:publisher" content="https://www.facebook.com/JPG.Fournitures.Bureau" />
<meta property="article:modified_time" content="2024-12-13T09:57:31+00:00" />
<meta name="twitter:card" content="summary_large_image" />
<script type="application/ld+json" class="yoast-schema-graph">{"@context":"https://schema.org","@graph":[{"@type":"WebPage","@id":"https://www.jpg.fr/jpg-concept/produits/tables-basses/arco-2/","url":"https://www.jpg.fr/jpg-concept/produits/tables-basses/arco-2/","name":"Arco | JPG Concept","isPartOf":{"@id":"https://www.jpg.fr/jpg-concept/#website"},"datePublished":"2022-11-29T10:59:18+00:00","dateModified":"2024-12-13T09:57:31+00:00","description":"Avec sa base pyramidale et plateau en mélaminé conçus pour les espaces essentiels de style minimaliste, la simplicité de la table ARCO peut meubler n’importe quel espace avec décision et discrétion. La base en métal peint et le plateau en mélaminé interagissent en harmonie ou par contraste, créant des combinaisons posées ou dynamiques, adaptées aux contextes modernes. Avec son design sobre, la table basse Arco s'associera parfaitement avec la gamme de fauteuils et canapés Arco.","breadcrumb":{"@id":"https://www.jpg.fr/jpg-concept/produits/tables-basses/arco-2/#breadcrumb"},"inLanguage":"fr-FR","potentialAction":[{"@type":"ReadAction","target":["https://www.jpg.fr/jpg-concept/produits/tables-basses/arco-2/"]}]},{"@type":"BreadcrumbList","@id":"https://www.jpg.fr/jpg-concept/produits/tables-basses/arco-2/#breadcrumb","itemListElement":[{"@type":"ListItem","position":1,"name":"Accueil","item":"https://www.jpg.fr/jpg-concept/"},{"@type":"ListItem","position":2,"name":"Arco"}]},{"@type":"WebSite","@id":"https://www.jpg.fr/jpg-concept/#website","url":"https://www.jpg.fr/jpg-concept/","name":"JPG Concept","description":"L’expertise, le service, le choix et des solutions personnalisées pour l’aménagement de tous vos espaces de travail.","publisher":{"@id":"https://www.jpg.fr/jpg-concept/#organization"},"potentialAction":[{"@type":"SearchAction","target":{"@type":"EntryPoint","urlTemplate":"https://www.jpg.fr/jpg-concept/?s={search_term_string}"},"query-input":{"@type":"PropertyValueSpecification","valueRequired":true,"valueName":"search_term_string"}}],"inLanguage":"fr-FR"},{"@type":"Organization","@id":"https://www.jpg.fr/jpg-concept/#organization","name":"JPG Concept","url":"https://www.jpg.fr/jpg-concept/","logo":{"@type":"ImageObject","inLanguage":"fr-FR","@id":"https://www.jpg.fr/jpg-concept/#/schema/logo/image/","url":"https://www.jpg.fr/jpg-concept/wp-content/uploads/2024/04/favicon192.png","contentUrl":"https://www.jpg.fr/jpg-concept/wp-content/uploads/2024/04/favicon192.png","width":192,"height":192,"caption":"JPG Concept"},"image":{"@id":"https://www.jpg.fr/jpg-concept/#/schema/logo/image/"},"sameAs":["https://www.facebook.com/JPG.Fournitures.Bureau"]}]}</script>
<!-- / Yoast SEO plugin. -->

Avec sa base pyramidale et plateau en mélaminé conçus pour les espaces essentiels de style minimaliste, la simplicité de la table ARCO peut meubler n’importe quel espace avec décision et discrétion. La base en métal peint et le plateau en mélaminé interagissent en harmonie ou par contraste, créant des combinaisons posées ou dynamiques, adaptées aux contextes modernes. Avec son design sobre, la table basse Arco s'associera parfaitement avec la gamme de fauteuils et canapés Arco.

L’expertise, le service, le choix et des solutions personnalisées pour l’aménagement de tous vos espaces de travail.
