{"id":597,"date":"2022-11-29T10:26:11","date_gmt":"2022-11-29T09:26:11","guid":{"rendered":"https:\/\/10.253.201.90\/jpg-concept\/?post_type=produits&#038;p=597"},"modified":"2023-01-17T15:06:07","modified_gmt":"2023-01-17T14:06:07","slug":"ricevi","status":"publish","type":"produits","link":"https:\/\/www.jpg.fr\/jpg-concept\/produits\/banque-daccueil\/ricevi","title":{"rendered":"RICEVI"},"template":"","certificates":[75,81,76],"colors":[20,206,205,111,207],"denominations":[85],"class_list":["post-597","produits","type-produits","status-publish","hentry","univers-banque-daccueil","certificates-garantie-3-ans","certificates-fsc","certificates-fabrique-en-europe","colors-blanc","colors-blanc-gris-2","colors-jaune-moutarde","colors-orange","colors-marron-fonce","denominations-decors"],"yoast_head":"<!-- This site is optimized with the Yoast SEO plugin v25.5 - https:\/\/yoast.com\/wordpress\/plugins\/seo\/ -->\n<title>RICEVI | JPG Concept<\/title>\n<meta name=\"description\" content=\"Avec des volumes impressionnants qui meublent sans \u00eatre encombrants, le grand plan de travail et les accessoires fonctionnels font de cette banque d\u2019accueil un exemple d\u2019ordre et de praticit\u00e9. L\u2019\u00e9clairage est central : la\u00a0g\u00e9om\u00e9trie rationnelle\u00a0des lignes est mise en \u00e9vidence par les bandes \u00e0 LED qui d\u00e9finissent l\u2019intersection entre les modules et soulignent le dialogue entre le corps principal et la base. Les\u00a0lampes \u00e0 LED\u00a0compl\u00e8tent la composition et illuminent l\u2019espace, cr\u00e9ant une\u00a0atmosph\u00e8re accueillante. Gr\u00e2ce au caract\u00e8re\u00a0modulable\u00a0du produit, la composition des \u00e9l\u00e9ments s\u2019adapte aux diff\u00e9rents besoins d\u2019espaces et de fonction.\" \/>\n<meta name=\"robots\" content=\"index, follow, max-snippet:-1, max-image-preview:large, max-video-preview:-1\" \/>\n<meta property=\"og:locale\" content=\"fr_FR\" \/>\n<meta property=\"og:type\" content=\"article\" \/>\n<meta property=\"og:title\" content=\"RICEVI | JPG Concept\" \/>\n<meta property=\"og:description\" content=\"Avec des volumes impressionnants qui meublent sans \u00eatre encombrants, le grand plan de travail et les accessoires fonctionnels font de cette banque d\u2019accueil un exemple d\u2019ordre et de praticit\u00e9. L\u2019\u00e9clairage est central : la\u00a0g\u00e9om\u00e9trie rationnelle\u00a0des lignes est mise en \u00e9vidence par les bandes \u00e0 LED qui d\u00e9finissent l\u2019intersection entre les modules et soulignent le dialogue entre le corps principal et la base. Les\u00a0lampes \u00e0 LED\u00a0compl\u00e8tent la composition et illuminent l\u2019espace, cr\u00e9ant une\u00a0atmosph\u00e8re accueillante. Gr\u00e2ce au caract\u00e8re\u00a0modulable\u00a0du produit, la composition des \u00e9l\u00e9ments s\u2019adapte aux diff\u00e9rents besoins d\u2019espaces et de fonction.\" \/>\n<meta property=\"og:url\" content=\"https:\/\/www.jpg.fr\/jpg-concept\/produits\/ricevi\/\" \/>\n<meta property=\"og:site_name\" content=\"JPG Concept\" \/>\n<meta property=\"article:publisher\" content=\"https:\/\/www.facebook.com\/JPG.Fournitures.Bureau\" \/>\n<meta property=\"article:modified_time\" content=\"2023-01-17T14:06:07+00:00\" \/>\n<meta name=\"twitter:card\" content=\"summary_large_image\" \/>\n<script type=\"application\/ld+json\" class=\"yoast-schema-graph\">{\"@context\":\"https:\/\/schema.org\",\"@graph\":[{\"@type\":\"WebPage\",\"@id\":\"https:\/\/www.jpg.fr\/jpg-concept\/produits\/ricevi\/\",\"url\":\"https:\/\/www.jpg.fr\/jpg-concept\/produits\/ricevi\/\",\"name\":\"RICEVI | JPG Concept\",\"isPartOf\":{\"@id\":\"https:\/\/www.jpg.fr\/jpg-concept\/#website\"},\"datePublished\":\"2022-11-29T09:26:11+00:00\",\"dateModified\":\"2023-01-17T14:06:07+00:00\",\"description\":\"Avec des volumes impressionnants qui meublent sans \u00eatre encombrants, le grand plan de travail et les accessoires fonctionnels font de cette banque d\u2019accueil un exemple d\u2019ordre et de praticit\u00e9. L\u2019\u00e9clairage est central : la\u00a0g\u00e9om\u00e9trie rationnelle\u00a0des lignes est mise en \u00e9vidence par les bandes \u00e0 LED qui d\u00e9finissent l\u2019intersection entre les modules et soulignent le dialogue entre le corps principal et la base. Les\u00a0lampes \u00e0 LED\u00a0compl\u00e8tent la composition et illuminent l\u2019espace, cr\u00e9ant une\u00a0atmosph\u00e8re accueillante. Gr\u00e2ce au caract\u00e8re\u00a0modulable\u00a0du produit, la composition des \u00e9l\u00e9ments s\u2019adapte aux diff\u00e9rents besoins d\u2019espaces et de fonction.\",\"breadcrumb\":{\"@id\":\"https:\/\/www.jpg.fr\/jpg-concept\/produits\/ricevi\/#breadcrumb\"},\"inLanguage\":\"fr-FR\",\"potentialAction\":[{\"@type\":\"ReadAction\",\"target\":[\"https:\/\/www.jpg.fr\/jpg-concept\/produits\/ricevi\/\"]}]},{\"@type\":\"BreadcrumbList\",\"@id\":\"https:\/\/www.jpg.fr\/jpg-concept\/produits\/ricevi\/#breadcrumb\",\"itemListElement\":[{\"@type\":\"ListItem\",\"position\":1,\"name\":\"Accueil\",\"item\":\"https:\/\/www.jpg.fr\/jpg-concept\/\"},{\"@type\":\"ListItem\",\"position\":2,\"name\":\"RICEVI\"}]},{\"@type\":\"WebSite\",\"@id\":\"https:\/\/www.jpg.fr\/jpg-concept\/#website\",\"url\":\"https:\/\/www.jpg.fr\/jpg-concept\/\",\"name\":\"JPG Concept\",\"description\":\"L\u2019expertise, le service, le choix et des solutions personnalis\u00e9es pour l\u2019am\u00e9nagement de tous vos espaces de travail.\",\"publisher\":{\"@id\":\"https:\/\/www.jpg.fr\/jpg-concept\/#organization\"},\"potentialAction\":[{\"@type\":\"SearchAction\",\"target\":{\"@type\":\"EntryPoint\",\"urlTemplate\":\"https:\/\/www.jpg.fr\/jpg-concept\/?s={search_term_string}\"},\"query-input\":{\"@type\":\"PropertyValueSpecification\",\"valueRequired\":true,\"valueName\":\"search_term_string\"}}],\"inLanguage\":\"fr-FR\"},{\"@type\":\"Organization\",\"@id\":\"https:\/\/www.jpg.fr\/jpg-concept\/#organization\",\"name\":\"JPG Concept\",\"url\":\"https:\/\/www.jpg.fr\/jpg-concept\/\",\"logo\":{\"@type\":\"ImageObject\",\"inLanguage\":\"fr-FR\",\"@id\":\"https:\/\/www.jpg.fr\/jpg-concept\/#\/schema\/logo\/image\/\",\"url\":\"https:\/\/www.jpg.fr\/jpg-concept\/wp-content\/uploads\/2024\/04\/favicon192.png\",\"contentUrl\":\"https:\/\/www.jpg.fr\/jpg-concept\/wp-content\/uploads\/2024\/04\/favicon192.png\",\"width\":192,\"height\":192,\"caption\":\"JPG Concept\"},\"image\":{\"@id\":\"https:\/\/www.jpg.fr\/jpg-concept\/#\/schema\/logo\/image\/\"},\"sameAs\":[\"https:\/\/www.facebook.com\/JPG.Fournitures.Bureau\"]}]}<\/script>\n<!-- \/ Yoast SEO plugin. -->","yoast_head_json":{"title":"RICEVI | JPG Concept","description":"Avec des volumes impressionnants qui meublent sans \u00eatre encombrants, le grand plan de travail et les accessoires fonctionnels font de cette banque d\u2019accueil un exemple d\u2019ordre et de praticit\u00e9. L\u2019\u00e9clairage est central : la\u00a0g\u00e9om\u00e9trie rationnelle\u00a0des lignes est mise en \u00e9vidence par les bandes \u00e0 LED qui d\u00e9finissent l\u2019intersection entre les modules et soulignent le dialogue entre le corps principal et la base. Les\u00a0lampes \u00e0 LED\u00a0compl\u00e8tent la composition et illuminent l\u2019espace, cr\u00e9ant une\u00a0atmosph\u00e8re accueillante. Gr\u00e2ce au caract\u00e8re\u00a0modulable\u00a0du produit, la composition des \u00e9l\u00e9ments s\u2019adapte aux diff\u00e9rents besoins d\u2019espaces et de fonction.","robots":{"index":"index","follow":"follow","max-snippet":"max-snippet:-1","max-image-preview":"max-image-preview:large","max-video-preview":"max-video-preview:-1"},"og_locale":"fr_FR","og_type":"article","og_title":"RICEVI | JPG Concept","og_description":"Avec des volumes impressionnants qui meublent sans \u00eatre encombrants, le grand plan de travail et les accessoires fonctionnels font de cette banque d\u2019accueil un exemple d\u2019ordre et de praticit\u00e9. L\u2019\u00e9clairage est central : la\u00a0g\u00e9om\u00e9trie rationnelle\u00a0des lignes est mise en \u00e9vidence par les bandes \u00e0 LED qui d\u00e9finissent l\u2019intersection entre les modules et soulignent le dialogue entre le corps principal et la base. Les\u00a0lampes \u00e0 LED\u00a0compl\u00e8tent la composition et illuminent l\u2019espace, cr\u00e9ant une\u00a0atmosph\u00e8re accueillante. Gr\u00e2ce au caract\u00e8re\u00a0modulable\u00a0du produit, la composition des \u00e9l\u00e9ments s\u2019adapte aux diff\u00e9rents besoins d\u2019espaces et de fonction.","og_url":"https:\/\/www.jpg.fr\/jpg-concept\/produits\/ricevi\/","og_site_name":"JPG Concept","article_publisher":"https:\/\/www.facebook.com\/JPG.Fournitures.Bureau","article_modified_time":"2023-01-17T14:06:07+00:00","twitter_card":"summary_large_image","schema":{"@context":"https:\/\/schema.org","@graph":[{"@type":"WebPage","@id":"https:\/\/www.jpg.fr\/jpg-concept\/produits\/ricevi\/","url":"https:\/\/www.jpg.fr\/jpg-concept\/produits\/ricevi\/","name":"RICEVI | JPG Concept","isPartOf":{"@id":"https:\/\/www.jpg.fr\/jpg-concept\/#website"},"datePublished":"2022-11-29T09:26:11+00:00","dateModified":"2023-01-17T14:06:07+00:00","description":"Avec des volumes impressionnants qui meublent sans \u00eatre encombrants, le grand plan de travail et les accessoires fonctionnels font de cette banque d\u2019accueil un exemple d\u2019ordre et de praticit\u00e9. L\u2019\u00e9clairage est central : la\u00a0g\u00e9om\u00e9trie rationnelle\u00a0des lignes est mise en \u00e9vidence par les bandes \u00e0 LED qui d\u00e9finissent l\u2019intersection entre les modules et soulignent le dialogue entre le corps principal et la base. Les\u00a0lampes \u00e0 LED\u00a0compl\u00e8tent la composition et illuminent l\u2019espace, cr\u00e9ant une\u00a0atmosph\u00e8re accueillante. Gr\u00e2ce au caract\u00e8re\u00a0modulable\u00a0du produit, la composition des \u00e9l\u00e9ments s\u2019adapte aux diff\u00e9rents besoins d\u2019espaces et de fonction.","breadcrumb":{"@id":"https:\/\/www.jpg.fr\/jpg-concept\/produits\/ricevi\/#breadcrumb"},"inLanguage":"fr-FR","potentialAction":[{"@type":"ReadAction","target":["https:\/\/www.jpg.fr\/jpg-concept\/produits\/ricevi\/"]}]},{"@type":"BreadcrumbList","@id":"https:\/\/www.jpg.fr\/jpg-concept\/produits\/ricevi\/#breadcrumb","itemListElement":[{"@type":"ListItem","position":1,"name":"Accueil","item":"https:\/\/www.jpg.fr\/jpg-concept\/"},{"@type":"ListItem","position":2,"name":"RICEVI"}]},{"@type":"WebSite","@id":"https:\/\/www.jpg.fr\/jpg-concept\/#website","url":"https:\/\/www.jpg.fr\/jpg-concept\/","name":"JPG Concept","description":"L\u2019expertise, le service, le choix et des solutions personnalis\u00e9es pour l\u2019am\u00e9nagement de tous vos espaces de travail.","publisher":{"@id":"https:\/\/www.jpg.fr\/jpg-concept\/#organization"},"potentialAction":[{"@type":"SearchAction","target":{"@type":"EntryPoint","urlTemplate":"https:\/\/www.jpg.fr\/jpg-concept\/?s={search_term_string}"},"query-input":{"@type":"PropertyValueSpecification","valueRequired":true,"valueName":"search_term_string"}}],"inLanguage":"fr-FR"},{"@type":"Organization","@id":"https:\/\/www.jpg.fr\/jpg-concept\/#organization","name":"JPG Concept","url":"https:\/\/www.jpg.fr\/jpg-concept\/","logo":{"@type":"ImageObject","inLanguage":"fr-FR","@id":"https:\/\/www.jpg.fr\/jpg-concept\/#\/schema\/logo\/image\/","url":"https:\/\/www.jpg.fr\/jpg-concept\/wp-content\/uploads\/2024\/04\/favicon192.png","contentUrl":"https:\/\/www.jpg.fr\/jpg-concept\/wp-content\/uploads\/2024\/04\/favicon192.png","width":192,"height":192,"caption":"JPG Concept"},"image":{"@id":"https:\/\/www.jpg.fr\/jpg-concept\/#\/schema\/logo\/image\/"},"sameAs":["https:\/\/www.facebook.com\/JPG.Fournitures.Bureau"]}]}},"_links":{"self":[{"href":"https:\/\/www.jpg.fr\/jpg-concept\/wp-json\/wp\/v2\/produits\/597","targetHints":{"allow":["GET"]}}],"collection":[{"href":"https:\/\/www.jpg.fr\/jpg-concept\/wp-json\/wp\/v2\/produits"}],"about":[{"href":"https:\/\/www.jpg.fr\/jpg-concept\/wp-json\/wp\/v2\/types\/produits"}],"wp:attachment":[{"href":"https:\/\/www.jpg.fr\/jpg-concept\/wp-json\/wp\/v2\/media?parent=597"}],"wp:term":[{"taxonomy":"certificates","embeddable":true,"href":"https:\/\/www.jpg.fr\/jpg-concept\/wp-json\/wp\/v2\/certificates?post=597"},{"taxonomy":"colors","embeddable":true,"href":"https:\/\/www.jpg.fr\/jpg-concept\/wp-json\/wp\/v2\/colors?post=597"},{"taxonomy":"denominations","embeddable":true,"href":"https:\/\/www.jpg.fr\/jpg-concept\/wp-json\/wp\/v2\/denominations?post=597"}],"curies":[{"name":"wp","href":"https:\/\/api.w.org\/{rel}","templated":true}]}}

<!-- This site is optimized with the Yoast SEO plugin v25.5 - https://yoast.com/wordpress/plugins/seo/ -->
<title>RICEVI | JPG Concept</title>
<meta name="description" content="Avec des volumes impressionnants qui meublent sans être encombrants, le grand plan de travail et les accessoires fonctionnels font de cette banque d’accueil un exemple d’ordre et de praticité. L’éclairage est central : la géométrie rationnelle des lignes est mise en évidence par les bandes à LED qui définissent l’intersection entre les modules et soulignent le dialogue entre le corps principal et la base. Les lampes à LED complètent la composition et illuminent l’espace, créant une atmosphère accueillante. Grâce au caractère modulable du produit, la composition des éléments s’adapte aux différents besoins d’espaces et de fonction." />
<meta name="robots" content="index, follow, max-snippet:-1, max-image-preview:large, max-video-preview:-1" />
<meta property="og:locale" content="fr_FR" />
<meta property="og:type" content="article" />
<meta property="og:title" content="RICEVI | JPG Concept" />
<meta property="og:description" content="Avec des volumes impressionnants qui meublent sans être encombrants, le grand plan de travail et les accessoires fonctionnels font de cette banque d’accueil un exemple d’ordre et de praticité. L’éclairage est central : la géométrie rationnelle des lignes est mise en évidence par les bandes à LED qui définissent l’intersection entre les modules et soulignent le dialogue entre le corps principal et la base. Les lampes à LED complètent la composition et illuminent l’espace, créant une atmosphère accueillante. Grâce au caractère modulable du produit, la composition des éléments s’adapte aux différents besoins d’espaces et de fonction." />
<meta property="og:url" content="https://www.jpg.fr/jpg-concept/produits/ricevi/" />
<meta property="og:site_name" content="JPG Concept" />
<meta property="article:publisher" content="https://www.facebook.com/JPG.Fournitures.Bureau" />
<meta property="article:modified_time" content="2023-01-17T14:06:07+00:00" />
<meta name="twitter:card" content="summary_large_image" />
<script type="application/ld+json" class="yoast-schema-graph">{"@context":"https://schema.org","@graph":[{"@type":"WebPage","@id":"https://www.jpg.fr/jpg-concept/produits/ricevi/","url":"https://www.jpg.fr/jpg-concept/produits/ricevi/","name":"RICEVI | JPG Concept","isPartOf":{"@id":"https://www.jpg.fr/jpg-concept/#website"},"datePublished":"2022-11-29T09:26:11+00:00","dateModified":"2023-01-17T14:06:07+00:00","description":"Avec des volumes impressionnants qui meublent sans être encombrants, le grand plan de travail et les accessoires fonctionnels font de cette banque d’accueil un exemple d’ordre et de praticité. L’éclairage est central : la géométrie rationnelle des lignes est mise en évidence par les bandes à LED qui définissent l’intersection entre les modules et soulignent le dialogue entre le corps principal et la base. Les lampes à LED complètent la composition et illuminent l’espace, créant une atmosphère accueillante. Grâce au caractère modulable du produit, la composition des éléments s’adapte aux différents besoins d’espaces et de fonction.","breadcrumb":{"@id":"https://www.jpg.fr/jpg-concept/produits/ricevi/#breadcrumb"},"inLanguage":"fr-FR","potentialAction":[{"@type":"ReadAction","target":["https://www.jpg.fr/jpg-concept/produits/ricevi/"]}]},{"@type":"BreadcrumbList","@id":"https://www.jpg.fr/jpg-concept/produits/ricevi/#breadcrumb","itemListElement":[{"@type":"ListItem","position":1,"name":"Accueil","item":"https://www.jpg.fr/jpg-concept/"},{"@type":"ListItem","position":2,"name":"RICEVI"}]},{"@type":"WebSite","@id":"https://www.jpg.fr/jpg-concept/#website","url":"https://www.jpg.fr/jpg-concept/","name":"JPG Concept","description":"L’expertise, le service, le choix et des solutions personnalisées pour l’aménagement de tous vos espaces de travail.","publisher":{"@id":"https://www.jpg.fr/jpg-concept/#organization"},"potentialAction":[{"@type":"SearchAction","target":{"@type":"EntryPoint","urlTemplate":"https://www.jpg.fr/jpg-concept/?s={search_term_string}"},"query-input":{"@type":"PropertyValueSpecification","valueRequired":true,"valueName":"search_term_string"}}],"inLanguage":"fr-FR"},{"@type":"Organization","@id":"https://www.jpg.fr/jpg-concept/#organization","name":"JPG Concept","url":"https://www.jpg.fr/jpg-concept/","logo":{"@type":"ImageObject","inLanguage":"fr-FR","@id":"https://www.jpg.fr/jpg-concept/#/schema/logo/image/","url":"https://www.jpg.fr/jpg-concept/wp-content/uploads/2024/04/favicon192.png","contentUrl":"https://www.jpg.fr/jpg-concept/wp-content/uploads/2024/04/favicon192.png","width":192,"height":192,"caption":"JPG Concept"},"image":{"@id":"https://www.jpg.fr/jpg-concept/#/schema/logo/image/"},"sameAs":["https://www.facebook.com/JPG.Fournitures.Bureau"]}]}</script>
<!-- / Yoast SEO plugin. -->

Avec des volumes impressionnants qui meublent sans être encombrants, le grand plan de travail et les accessoires fonctionnels font de cette banque d’accueil un exemple d’ordre et de praticité. L’éclairage est central : la géométrie rationnelle des lignes est mise en évidence par les bandes à LED qui définissent l’intersection entre les modules et soulignent le dialogue entre le corps principal et la base. Les lampes à LED complètent la composition et illuminent l’espace, créant une atmosphère accueillante. Grâce au caractère modulable du produit, la composition des éléments s’adapte aux différents besoins d’espaces et de fonction.

L’expertise, le service, le choix et des solutions personnalisées pour l’aménagement de tous vos espaces de travail.
